{"id":27,"date":"2018-04-27T16:54:54","date_gmt":"2018-04-27T16:54:54","guid":{"rendered":"http:\/\/laquila.mdc.ist\/?page_id=27"},"modified":"2019-08-17T09:24:29","modified_gmt":"2019-08-17T07:24:29","slug":"scuola-primaria","status":"publish","type":"page","link":"https:\/\/laquila.mdc.ist\/?page_id=27","title":{"rendered":"Scuola Primaria"},"content":{"rendered":"\n<figure class=\"wp-block-image\"><img loading=\"lazy\" decoding=\"async\" width=\"713\" height=\"94\" src=\"https:\/\/laquila.mdc.ist\/wp-content\/uploads\/2019\/08\/primaria.header.jpg\" alt=\"\" class=\"wp-image-481\" srcset=\"https:\/\/laquila.mdc.ist\/wp-content\/uploads\/2019\/08\/primaria.header.jpg 713w, https:\/\/laquila.mdc.ist\/wp-content\/uploads\/2019\/08\/primaria.header-300x40.jpg 300w, https:\/\/laquila.mdc.ist\/wp-content\/uploads\/2019\/08\/primaria.header-710x94.jpg 710w\" sizes=\"(max-width: 713px) 100vw, 713px\" \/><\/figure>\n\n\n<p style=\"text-align: justify;\">La scuola Istituto Dottrina Cristiana ha come finalit\u00e0 primaria la formazione integrale del bambino nella sua individualit\u00e0, irripetibilit\u00e0 e globalit\u00e0. La sua proposta educativa mira allo sviluppo di tutte le potenzialit\u00e0 del bambino per far s\u00ec che si pongano le basi per la formazione di una personalit\u00e0 che si caratterizza per:<\/p>\n<ul style=\"text-align: justify;\">\n<li>&nbsp;&nbsp;&nbsp; la ricerca del senso della propria vita<\/li>\n<li>&nbsp;&nbsp;&nbsp; la sicurezza affettiva e l\u2019autonomia<\/li>\n<li>&nbsp;&nbsp;&nbsp; l\u2019apertura alla relazione con gli altri<\/li>\n<li>&nbsp;&nbsp;&nbsp; il desiderio di scoprire e di conoscere<\/li>\n<\/ul>\n<p style=\"text-align: justify;\">In un mondo pluralistico come l\u2019attuale, caratterizzato da una diversit\u00e0 di culture coesistenti per il diffuso fenomeno della globalizzazione, dalle nuove tecnologie della comunicazione e dal rapido progresso scientifico, la Scuola ha un compito da svolgere che supera il ristretto limite dalla sola istituzione per contribuire efficacemente alla formazione della persona nella dimensione individuale e sociale e allo sviluppo dell\u2019intera societ\u00e0. In particolare l\u2019<strong>Istituto Dottrina Cristiana<\/strong>, ispirandosi all\u2019ideale dell\u2019umanesimo cristiano e dell\u2019opera educativa e catechistica di <strong>Madre Francesca De Sanctis<\/strong>, si propone di contribuire alla <strong>formazione integrale della persona<\/strong>, in sintonia con i principi di libert\u00e0, uguaglianza e solidariet\u00e0 della nostra Costituzione, implica un\u2019educazione finalizzata alla crescita dell\u2019alunno in tutte le dimensioni, con particolare riferimento ai valori spirituali aperti alla trascendenza nell\u2019ottica del messaggio evangelico di libert\u00e0 e carit\u00e0. Nello spirito delle idee fondamentali di un Progetto Educativo di Scuola Cattolica l\u2019Istituto Dottrina Cristiana si propone la formazione integrale, umana e cristiana, individuale e sociale degli alunni.<\/p>\n<p style=\"text-align: justify;\">1. <strong>Dimensione personale<\/strong>: promuovere lo sviluppo armonico e progressivo di tutte le facolt\u00e0 fisiche, intellettuali e affettive dell\u2019alunno, per inserirlo in modo equilibrato nella comunit\u00e0.<\/p>\n<p style=\"text-align: justify;\">2. <strong>Dimensione sociale<\/strong>: educare l\u2019alunno alla socialit\u00e0 come dimensione essenziale della persona offrendogli un clima positivo, educandolo al dialogo, al rispetto ed all\u2019accettazione degli altri.<\/p>\n<p style=\"text-align: justify;\">3. <strong>Dimensione culturale<\/strong>: sviluppare una cultura aperta alla verit\u00e0 e alla pace, solida e profonda nelle sue conoscenze scientifiche, tale da orientare le capacit\u00e0 di valutazione, di autonomia, di critica, di autoformazione e di creativit\u00e0 dell\u2019alunno, educare al pluralismo ideologico e culturale con un atteggiamento di comprensione, rispetto e dialogo con tutti.<\/p>\n<p style=\"text-align: justify;\">4. <strong>Dimensione etico-trascendente<\/strong>: formare l\u2019alunno ai valori del Vangelo, in modo che diventi amico di Cristo. Pertanto, l\u2019educazione religiosa, non viene ad accostarsi e a sovrapporsi agli altri campi d\u2019esperienza come una proposta avente pari dignit\u00e0, ma rappresenta il presupposto fondante il senso di tutte le altre esperienze avviandolo con gradualit\u00e0, in un clima di rispetto e di amore, a scoprire il significato della propria vita, a crescere nella cultura del cuore, nella speranza del domani, nella fiducia verso gli altri e nella sicurezza del proprio agire.<\/p><div class=\"pdfprnt-buttons pdfprnt-buttons-page pdfprnt-bottom-right\"><a href=\"https:\/\/laquila.mdc.ist\/index.php?rest_route=wpv2pages27&print=pdf\" class=\"pdfprnt-button pdfprnt-button-pdf\" target=\"_blank\"><img decoding=\"async\" src=\"https:\/\/laquila.mdc.ist\/wp-content\/plugins\/pdf-print\/images\/pdf.png\" alt=\"image_pdf\" title=\"Visualizza PDF\" \/><\/a><a href=\"https:\/\/laquila.mdc.ist\/index.php?rest_route=wpv2pages27&print=print\" class=\"pdfprnt-button pdfprnt-button-print\" target=\"_blank\"><img decoding=\"async\" src=\"https:\/\/laquila.mdc.ist\/wp-content\/plugins\/pdf-print\/images\/print.png\" alt=\"image_print\" title=\"Stampa contenuto\" \/><\/a><\/div>","protected":false},"excerpt":{"rendered":"<p>La scuola Istituto Dottrina Cristiana ha come finalit\u00e0 primaria la formazione integrale del bambino nella sua individualit\u00e0, irripetibilit\u00e0 e globalit\u00e0. La sua proposta educativa mira&#8230;<\/p>\n","protected":false},"author":1,"featured_media":0,"parent":0,"menu_order":0,"comment_status":"closed","ping_status":"closed","template":"page-templates\/list.php","meta":{"ngg_post_thumbnail":0,"footnotes":""},"_links":{"self":[{"href":"https:\/\/laquila.mdc.ist\/index.php?rest_route=\/wp\/v2\/pages\/27"}],"collection":[{"href":"https:\/\/laquila.mdc.ist\/index.php?rest_route=\/wp\/v2\/pages"}],"about":[{"href":"https:\/\/laquila.mdc.ist\/index.php?rest_route=\/wp\/v2\/types\/page"}],"author":[{"embeddable":true,"href":"https:\/\/laquila.mdc.ist\/index.php?rest_route=\/wp\/v2\/users\/1"}],"replies":[{"embeddable":true,"href":"https:\/\/laquila.mdc.ist\/index.php?rest_route=%2Fwp%2Fv2%2Fcomments&post=27"}],"version-history":[{"count":3,"href":"https:\/\/laquila.mdc.ist\/index.php?rest_route=\/wp\/v2\/pages\/27\/revisions"}],"predecessor-version":[{"id":503,"href":"https:\/\/laquila.mdc.ist\/index.php?rest_route=\/wp\/v2\/pages\/27\/revisions\/503"}],"wp:attachment":[{"href":"https:\/\/laquila.mdc.ist\/index.php?rest_route=%2Fwp%2Fv2%2Fmedia&parent=27"}],"curies":[{"name":"wp","href":"https:\/\/api.w.org\/{rel}","templated":true}]}}

<figure class="wp-block-image"><img loading="lazy" decoding="async" width="713" height="94" src="https://laquila.mdc.ist/wp-content/uploads/2019/08/primaria.header.jpg" alt="" class="wp-image-481" srcset="https://laquila.mdc.ist/wp-content/uploads/2019/08/primaria.header.jpg 713w, https://laquila.mdc.ist/wp-content/uploads/2019/08/primaria.header-300x40.jpg 300w, https://laquila.mdc.ist/wp-content/uploads/2019/08/primaria.header-710x94.jpg 710w" sizes="(max-width: 713px) 100vw, 713px" /></figure>


<p style="text-align: justify;">La scuola Istituto Dottrina Cristiana ha come finalità primaria la formazione integrale del bambino nella sua individualità, irripetibilità e globalità. La sua proposta educativa mira allo sviluppo di tutte le potenzialità del bambino per far sì che si pongano le basi per la formazione di una personalità che si caratterizza per:</p>
<ul style="text-align: justify;">
<li>&nbsp;&nbsp;&nbsp; la ricerca del senso della propria vita</li>
<li>&nbsp;&nbsp;&nbsp; la sicurezza affettiva e l’autonomia</li>
<li>&nbsp;&nbsp;&nbsp; l’apertura alla relazione con gli altri</li>
<li>&nbsp;&nbsp;&nbsp; il desiderio di scoprire e di conoscere</li>
</ul>
<p style="text-align: justify;">In un mondo pluralistico come l’attuale, caratterizzato da una diversità di culture coesistenti per il diffuso fenomeno della globalizzazione, dalle nuove tecnologie della comunicazione e dal rapido progresso scientifico, la Scuola ha un compito da svolgere che supera il ristretto limite dalla sola istituzione per contribuire efficacemente alla formazione della persona nella dimensione individuale e sociale e allo sviluppo dell’intera società. In particolare l’<strong>Istituto Dottrina Cristiana</strong>, ispirandosi all’ideale dell’umanesimo cristiano e dell’opera educativa e catechistica di <strong>Madre Francesca De Sanctis</strong>, si propone di contribuire alla <strong>formazione integrale della persona</strong>, in sintonia con i principi di libertà, uguaglianza e solidarietà della nostra Costituzione, implica un’educazione finalizzata alla crescita dell’alunno in tutte le dimensioni, con particolare riferimento ai valori spirituali aperti alla trascendenza nell’ottica del messaggio evangelico di libertà e carità. Nello spirito delle idee fondamentali di un Progetto Educativo di Scuola Cattolica l’Istituto Dottrina Cristiana si propone la formazione integrale, umana e cristiana, individuale e sociale degli alunni.</p>
<p style="text-align: justify;">1. <strong>Dimensione personale</strong>: promuovere lo sviluppo armonico e progressivo di tutte le facoltà fisiche, intellettuali e affettive dell’alunno, per inserirlo in modo equilibrato nella comunità.</p>
<p style="text-align: justify;">2. <strong>Dimensione sociale</strong>: educare l’alunno alla socialità come dimensione essenziale della persona offrendogli un clima positivo, educandolo al dialogo, al rispetto ed all’accettazione degli altri.</p>
<p style="text-align: justify;">3. <strong>Dimensione culturale</strong>: sviluppare una cultura aperta alla verità e alla pace, solida e profonda nelle sue conoscenze scientifiche, tale da orientare le capacità di valutazione, di autonomia, di critica, di autoformazione e di creatività dell’alunno, educare al pluralismo ideologico e culturale con un atteggiamento di comprensione, rispetto e dialogo con tutti.</p>
<p style="text-align: justify;">4. <strong>Dimensione etico-trascendente</strong>: formare l’alunno ai valori del Vangelo, in modo che diventi amico di Cristo. Pertanto, l’educazione religiosa, non viene ad accostarsi e a sovrapporsi agli altri campi d’esperienza come una proposta avente pari dignità, ma rappresenta il presupposto fondante il senso di tutte le altre esperienze avviandolo con gradualità, in un clima di rispetto e di amore, a scoprire il significato della propria vita, a crescere nella cultura del cuore, nella speranza del domani, nella fiducia verso gli altri e nella sicurezza del proprio agire.</p><div class="pdfprnt-buttons pdfprnt-buttons-page pdfprnt-bottom-right"><a href="https://laquila.mdc.ist/index.php?rest_route=wpv2pages27&print=pdf" class="pdfprnt-button pdfprnt-button-pdf" target="_blank"><img decoding="async" src="https://laquila.mdc.ist/wp-content/plugins/pdf-print/images/pdf.png" alt="image_pdf" title="Visualizza PDF" /></a><a href="https://laquila.mdc.ist/index.php?rest_route=wpv2pages27&print=print" class="pdfprnt-button pdfprnt-button-print" target="_blank"><img decoding="async" src="https://laquila.mdc.ist/wp-content/plugins/pdf-print/images/print.png" alt="image_print" title="Stampa contenuto" /></a></div>

<p>La scuola Istituto Dottrina Cristiana ha come finalità primaria la formazione integrale del bambino nella sua individualità, irripetibilità e globalità. La sua proposta educativa mira&#8230;</p>
